{"id":1023,"date":"2025-04-16T16:21:13","date_gmt":"2025-04-16T14:21:13","guid":{"rendered":"http:\/\/fotostudio-xxelf.de\/?page_id=1023"},"modified":"2025-04-18T20:40:22","modified_gmt":"2025-04-18T18:40:22","slug":"wir-suchen-dich","status":"publish","type":"page","link":"https:\/\/fotostudio-xxelf.de\/index.php\/wir-suchen-dich\/","title":{"rendered":"Wir suchen Dich!"},"content":{"rendered":"\t\t<div data-elementor-type=\"wp-page\" data-elementor-id=\"1023\" class=\"elementor elementor-1023\">\n\t\t\t\t<div class=\"elementor-element elementor-element-3e9d1628 e-flex e-con-boxed e-con e-parent\" data-id=\"3e9d1628\" data-element_type=\"container\" data-settings=\"{&quot;background_background&quot;:&quot;classic&quot;,&quot;shape_divider_top&quot;:&quot;tilt&quot;,&quot;shape_divider_bottom&quot;:&quot;tilt&quot;}\">\n\t\t\t\t\t<div class=\"e-con-inner\">\n\t\t\t\t<div class=\"elementor-shape elementor-shape-top\" data-negative=\"false\">\n\t\t\t<svg xmlns=\"http:\/\/www.w3.org\/2000\/svg\" viewBox=\"0 0 1000 100\" preserveAspectRatio=\"none\">\n\t<path class=\"elementor-shape-fill\" d=\"M0,6V0h1000v100L0,6z\"\/>\n<\/svg>\t\t<\/div>\n\t\t\t\t<div class=\"elementor-shape elementor-shape-bottom\" data-negative=\"false\">\n\t\t\t<svg xmlns=\"http:\/\/www.w3.org\/2000\/svg\" viewBox=\"0 0 1000 100\" preserveAspectRatio=\"none\">\n\t<path class=\"elementor-shape-fill\" d=\"M0,6V0h1000v100L0,6z\"\/>\n<\/svg>\t\t<\/div>\n\t\t<div class=\"elementor-element elementor-element-f9a8e91 e-con-full elementor-hidden-mobile e-flex e-con e-child\" data-id=\"f9a8e91\" data-element_type=\"container\">\n\t\t\t\t<div class=\"elementor-element elementor-element-e47eaea elementor-view-default elementor-widget elementor-widget-icon\" data-id=\"e47eaea\" data-element_type=\"widget\" data-widget_type=\"icon.default\">\n\t\t\t\t<div class=\"elementor-widget-container\">\n\t\t\t\t\t\t\t<div class=\"elementor-icon-wrapper\">\n\t\t\t<div class=\"elementor-icon\">\n\t\t\t<svg aria-hidden=\"true\" class=\"e-font-icon-svg e-fas-circle\" viewBox=\"0 0 512 512\" xmlns=\"http:\/\/www.w3.org\/2000\/svg\"><path d=\"M256 8C119 8 8 119 8 256s111 248 248 248 248-111 248-248S393 8 256 8z\"><\/path><\/svg>\t\t\t<\/div>\n\t\t<\/div>\n\t\t\t\t\t\t<\/div>\n\t\t\t\t<\/div>\n\t\t<div class=\"elementor-element elementor-element-92a8625 e-con-full e-flex e-con e-child\" data-id=\"92a8625\" data-element_type=\"container\">\n\t\t<div class=\"elementor-element elementor-element-53ac7cb e-con-full e-flex e-con e-child\" data-id=\"53ac7cb\" data-element_type=\"container\">\n\t\t\t\t<div class=\"elementor-element elementor-element-aed13dd elementor-view-default elementor-widget elementor-widget-icon\" data-id=\"aed13dd\" data-element_type=\"widget\" data-widget_type=\"icon.default\">\n\t\t\t\t<div class=\"elementor-widget-container\">\n\t\t\t\t\t\t\t<div class=\"elementor-icon-wrapper\">\n\t\t\t<div class=\"elementor-icon\">\n\t\t\t<svg aria-hidden=\"true\" class=\"e-font-icon-svg e-fas-circle\" viewBox=\"0 0 512 512\" xmlns=\"http:\/\/www.w3.org\/2000\/svg\"><path d=\"M256 8C119 8 8 119 8 256s111 248 248 248 248-111 248-248S393 8 256 8z\"><\/path><\/svg>\t\t\t<\/div>\n\t\t<\/div>\n\t\t\t\t\t\t<\/div>\n\t\t\t\t<\/div>\n\t\t\t\t<\/div>\n\t\t<div class=\"elementor-element elementor-element-0163a1d e-grid e-con-full e-con e-child\" data-id=\"0163a1d\" data-element_type=\"container\">\n\t\t\t\t<div class=\"elementor-element elementor-element-204da8a elementor-view-default elementor-widget elementor-widget-icon\" data-id=\"204da8a\" data-element_type=\"widget\" data-widget_type=\"icon.default\">\n\t\t\t\t<div class=\"elementor-widget-container\">\n\t\t\t\t\t\t\t<div class=\"elementor-icon-wrapper\">\n\t\t\t<div class=\"elementor-icon\">\n\t\t\t<svg aria-hidden=\"true\" class=\"e-font-icon-svg e-fas-circle\" viewBox=\"0 0 512 512\" xmlns=\"http:\/\/www.w3.org\/2000\/svg\"><path d=\"M256 8C119 8 8 119 8 256s111 248 248 248 248-111 248-248S393 8 256 8z\"><\/path><\/svg>\t\t\t<\/div>\n\t\t<\/div>\n\t\t\t\t\t\t<\/div>\n\t\t\t\t<\/div>\n\t\t\t\t<div class=\"elementor-element elementor-element-b53775a elementor-view-default elementor-widget elementor-widget-icon\" data-id=\"b53775a\" data-element_type=\"widget\" data-widget_type=\"icon.default\">\n\t\t\t\t<div class=\"elementor-widget-container\">\n\t\t\t\t\t\t\t<div class=\"elementor-icon-wrapper\">\n\t\t\t<div class=\"elementor-icon\">\n\t\t\t<svg aria-hidden=\"true\" class=\"e-font-icon-svg e-fas-circle\" viewBox=\"0 0 512 512\" xmlns=\"http:\/\/www.w3.org\/2000\/svg\"><path d=\"M256 8C119 8 8 119 8 256s111 248 248 248 248-111 248-248S393 8 256 8z\"><\/path><\/svg>\t\t\t<\/div>\n\t\t<\/div>\n\t\t\t\t\t\t<\/div>\n\t\t\t\t<\/div>\n\t\t\t\t<\/div>\n\t\t\t\t<\/div>\n\t\t\t\t<\/div>\n\t\t<div class=\"elementor-element elementor-element-7bc95c22 e-con-full e-flex e-con e-child\" data-id=\"7bc95c22\" data-element_type=\"container\">\n\t\t\t\t<div class=\"elementor-element elementor-element-12bea811 elementor-widget elementor-widget-heading\" data-id=\"12bea811\" data-element_type=\"widget\" data-widget_type=\"heading.default\">\n\t\t\t\t<div class=\"elementor-widget-container\">\n\t\t\t\t\t<h1 class=\"elementor-heading-title elementor-size-default\">Stellenausschreibung<\/h1>\t\t\t\t<\/div>\n\t\t\t\t<\/div>\n\t\t\t\t<div class=\"elementor-element elementor-element-6fdd4aac elementor-widget-divider--view-line elementor-widget elementor-widget-divider\" data-id=\"6fdd4aac\" data-element_type=\"widget\" data-widget_type=\"divider.default\">\n\t\t\t\t<div class=\"elementor-widget-container\">\n\t\t\t\t\t\t\t<div class=\"elementor-divider\">\n\t\t\t<span class=\"elementor-divider-separator\">\n\t\t\t\t\t\t<\/span>\n\t\t<\/div>\n\t\t\t\t\t\t<\/div>\n\t\t\t\t<\/div>\n\t\t\t\t<div class=\"elementor-element elementor-element-65f1e370 elementor-widget elementor-widget-heading\" data-id=\"65f1e370\" data-element_type=\"widget\" data-widget_type=\"heading.default\">\n\t\t\t\t<div class=\"elementor-widget-container\">\n\t\t\t\t\t<h5 class=\"elementor-heading-title elementor-size-default\">Wir suchen Dich!<\/h5>\t\t\t\t<\/div>\n\t\t\t\t<\/div>\n\t\t\t\t<\/div>\n\t\t<div class=\"elementor-element elementor-element-45ea3e3 e-con-full elementor-hidden-mobile e-flex e-con e-child\" data-id=\"45ea3e3\" data-element_type=\"container\">\n\t\t\t\t<div class=\"elementor-element elementor-element-a574fc5 elementor-view-default elementor-widget elementor-widget-icon\" data-id=\"a574fc5\" data-element_type=\"widget\" data-widget_type=\"icon.default\">\n\t\t\t\t<div class=\"elementor-widget-container\">\n\t\t\t\t\t\t\t<div class=\"elementor-icon-wrapper\">\n\t\t\t<div class=\"elementor-icon\">\n\t\t\t<svg aria-hidden=\"true\" class=\"e-font-icon-svg e-fas-circle\" viewBox=\"0 0 512 512\" xmlns=\"http:\/\/www.w3.org\/2000\/svg\"><path d=\"M256 8C119 8 8 119 8 256s111 248 248 248 248-111 248-248S393 8 256 8z\"><\/path><\/svg>\t\t\t<\/div>\n\t\t<\/div>\n\t\t\t\t\t\t<\/div>\n\t\t\t\t<\/div>\n\t\t<div class=\"elementor-element elementor-element-fa804bf e-con-full e-flex e-con e-child\" data-id=\"fa804bf\" data-element_type=\"container\">\n\t\t<div class=\"elementor-element elementor-element-e7d067e e-con-full e-flex e-con e-child\" data-id=\"e7d067e\" data-element_type=\"container\">\n\t\t\t\t<div class=\"elementor-element elementor-element-aec47b7 elementor-view-default elementor-widget elementor-widget-icon\" data-id=\"aec47b7\" data-element_type=\"widget\" data-widget_type=\"icon.default\">\n\t\t\t\t<div class=\"elementor-widget-container\">\n\t\t\t\t\t\t\t<div class=\"elementor-icon-wrapper\">\n\t\t\t<div class=\"elementor-icon\">\n\t\t\t<svg aria-hidden=\"true\" class=\"e-font-icon-svg e-fas-circle\" viewBox=\"0 0 512 512\" xmlns=\"http:\/\/www.w3.org\/2000\/svg\"><path d=\"M256 8C119 8 8 119 8 256s111 248 248 248 248-111 248-248S393 8 256 8z\"><\/path><\/svg>\t\t\t<\/div>\n\t\t<\/div>\n\t\t\t\t\t\t<\/div>\n\t\t\t\t<\/div>\n\t\t\t\t<\/div>\n\t\t<div class=\"elementor-element elementor-element-03f4e49 e-grid e-con-full e-con e-child\" data-id=\"03f4e49\" data-element_type=\"container\">\n\t\t\t\t<div class=\"elementor-element elementor-element-3e7cdf2 elementor-view-default elementor-widget elementor-widget-icon\" data-id=\"3e7cdf2\" data-element_type=\"widget\" data-widget_type=\"icon.default\">\n\t\t\t\t<div class=\"elementor-widget-container\">\n\t\t\t\t\t\t\t<div class=\"elementor-icon-wrapper\">\n\t\t\t<div class=\"elementor-icon\">\n\t\t\t<svg aria-hidden=\"true\" class=\"e-font-icon-svg e-fas-circle\" viewBox=\"0 0 512 512\" xmlns=\"http:\/\/www.w3.org\/2000\/svg\"><path d=\"M256 8C119 8 8 119 8 256s111 248 248 248 248-111 248-248S393 8 256 8z\"><\/path><\/svg>\t\t\t<\/div>\n\t\t<\/div>\n\t\t\t\t\t\t<\/div>\n\t\t\t\t<\/div>\n\t\t\t\t<div class=\"elementor-element elementor-element-bbf7780 elementor-view-default elementor-widget elementor-widget-icon\" data-id=\"bbf7780\" data-element_type=\"widget\" data-widget_type=\"icon.default\">\n\t\t\t\t<div class=\"elementor-widget-container\">\n\t\t\t\t\t\t\t<div class=\"elementor-icon-wrapper\">\n\t\t\t<div class=\"elementor-icon\">\n\t\t\t<svg aria-hidden=\"true\" class=\"e-font-icon-svg e-fas-circle\" viewBox=\"0 0 512 512\" xmlns=\"http:\/\/www.w3.org\/2000\/svg\"><path d=\"M256 8C119 8 8 119 8 256s111 248 248 248 248-111 248-248S393 8 256 8z\"><\/path><\/svg>\t\t\t<\/div>\n\t\t<\/div>\n\t\t\t\t\t\t<\/div>\n\t\t\t\t<\/div>\n\t\t\t\t<\/div>\n\t\t\t\t<\/div>\n\t\t\t\t<\/div>\n\t\t\t\t\t<\/div>\n\t\t\t\t<\/div>\n\t\t<div class=\"elementor-element elementor-element-205c49c e-flex e-con-boxed e-con e-parent\" data-id=\"205c49c\" data-element_type=\"container\">\n\t\t\t\t\t<div class=\"e-con-inner\">\n\t\t\t\t<div class=\"elementor-element elementor-element-7a4812e2 elementor-widget elementor-widget-text-editor\" data-id=\"7a4812e2\" data-element_type=\"widget\" data-widget_type=\"text-editor.default\">\n\t\t\t\t<div class=\"elementor-widget-container\">\n\t\t\t\t\t\t\t\t\t<p>Zur Verst\u00e4rkung unseres Teams suchen wir <strong>zu sofort<\/strong> eine\u00a0<span style=\"font-style: inherit; text-align: var(--text-align); color: var(--ast-global-color-7);\">Ergotherapeutin <\/span><span style=\"font-style: inherit; text-align: var(--text-align); color: var(--ast-global-color-7);\">in Teilzeit\u00a0<\/span><\/p><p><span style=\"font-style: inherit; text-align: var(--text-align); color: var(--ast-global-color-7);\">(20 Stunden \/ Woche &#8211; mit der M\u00f6glichkeit, ab August auf 30-38\u00a0<\/span><span style=\"font-style: inherit; text-align: var(--text-align); color: var(--ast-global-color-7);\">Stunden zu erh\u00f6hen).<\/span><\/p>\t\t\t\t\t\t\t\t<\/div>\n\t\t\t\t<\/div>\n\t\t\t\t<div class=\"elementor-element elementor-element-bd64d07 elementor-widget-divider--view-line elementor-widget elementor-widget-divider\" data-id=\"bd64d07\" data-element_type=\"widget\" data-widget_type=\"divider.default\">\n\t\t\t\t<div class=\"elementor-widget-container\">\n\t\t\t\t\t\t\t<div class=\"elementor-divider\">\n\t\t\t<span class=\"elementor-divider-separator\">\n\t\t\t\t\t\t<\/span>\n\t\t<\/div>\n\t\t\t\t\t\t<\/div>\n\t\t\t\t<\/div>\n\t\t\t\t<div class=\"elementor-element elementor-element-5a187d84 elementor-widget elementor-widget-heading\" data-id=\"5a187d84\" data-element_type=\"widget\" data-widget_type=\"heading.default\">\n\t\t\t\t<div class=\"elementor-widget-container\">\n\t\t\t\t\t<h4 class=\"elementor-heading-title elementor-size-default\">Ergotherapie Praxis R\u00fc\u00dfe<\/h4>\t\t\t\t<\/div>\n\t\t\t\t<\/div>\n\t\t\t\t<div class=\"elementor-element elementor-element-71a3b7de elementor-widget__width-initial elementor-widget-mobile__width-inherit elementor-widget elementor-widget-text-editor\" data-id=\"71a3b7de\" data-element_type=\"widget\" data-widget_type=\"text-editor.default\">\n\t\t\t\t<div class=\"elementor-widget-container\">\n\t\t\t\t\t\t\t\t\t<p>Wir \u2013 das Team der Ergotherapie Praxis R\u00fc\u00dfe \u2013 behandeln und begleiten erwachsene Patienten mit\u00a0verschiedensten gesundheitlichen Problemen \u2013 mit unterschiedlichsten k\u00f6rperlichen, psychischen\u00a0und\/oder kognitiven Einschr\u00e4nkungen.<\/p><p>Wir sehen jeden einzelnen Patienten und auch seine Angeh\u00f6rigen, die ihn unterst\u00fctzen, in seiner\u00a0individuellen Situation \u2013 und all die Ver\u00e4nderungen, \u00c4ngste und Sorgen, die mit der Erkrankung bzw.\u00a0der gesundheitlichen Problematik aufkommen.<\/p><p>Mit unserer therapeutischen Fachkompetenz sowie einer angenehmen, famili\u00e4ren\u00a0Wohlf\u00fchlatmosph\u00e4re in unserer Praxis versuchen wir dazu beizutragen, die jeweilige Situation positiv\u00a0zu beeinflussen und die individuelle Lebensqualit\u00e4t unserer Patienten zu erhalten und \/ oder zu<br \/>st\u00e4rken.<\/p><p>Die Praxis liegt im Herzen Burgsteinfurts und ist auch mit \u00f6ffentlichen Verkehrsmitteln gut zu\u00a0erreichen.<\/p>\t\t\t\t\t\t\t\t<\/div>\n\t\t\t\t<\/div>\n\t\t\t\t<div class=\"elementor-element elementor-element-580ac9b5 elementor-widget-divider--view-line elementor-widget elementor-widget-divider\" data-id=\"580ac9b5\" data-element_type=\"widget\" data-widget_type=\"divider.default\">\n\t\t\t\t<div class=\"elementor-widget-container\">\n\t\t\t\t\t\t\t<div class=\"elementor-divider\">\n\t\t\t<span class=\"elementor-divider-separator\">\n\t\t\t\t\t\t<\/span>\n\t\t<\/div>\n\t\t\t\t\t\t<\/div>\n\t\t\t\t<\/div>\n\t\t\t\t<div class=\"elementor-element elementor-element-4a845794 elementor-widget elementor-widget-heading\" data-id=\"4a845794\" data-element_type=\"widget\" data-widget_type=\"heading.default\">\n\t\t\t\t<div class=\"elementor-widget-container\">\n\t\t\t\t\t<h4 class=\"elementor-heading-title elementor-size-default\">Deine Aufgabenschwerpunkte<\/h4>\t\t\t\t<\/div>\n\t\t\t\t<\/div>\n\t\t\t\t<div class=\"elementor-element elementor-element-408474ea elementor-widget__width-initial elementor-widget-mobile__width-inherit elementor-widget elementor-widget-text-editor\" data-id=\"408474ea\" data-element_type=\"widget\" data-widget_type=\"text-editor.default\">\n\t\t\t\t<div class=\"elementor-widget-container\">\n\t\t\t\t\t\t\t\t\t<ul><li>ergotherapeutische Behandlung von erwachsenen Patienten in den Fachbereichen\u00a0Neurologie, Orthop\u00e4die, Geriatrie und Psychiatrie \u2013 in der Praxis oder in Form von\u00a0Hausbesuchen<\/li><li>Erstellung von Dokumentation und Behandlungsberichten; selbstst\u00e4ndige Therapieplanung\u00a0und teilweise auch zeitliche Planung der Therapieeinheiten (mit theorg)<\/li><li>Zusammenarbeit mit Angeh\u00f6rigen sowie mit u.a. \u00c4rzten, Pflegeeinrichtungen,\u00a0Sanit\u00e4tsh\u00e4usern, Physiotherapeuten und Logop\u00e4den aus der Umgebung<\/li><\/ul>\t\t\t\t\t\t\t\t<\/div>\n\t\t\t\t<\/div>\n\t\t\t\t<div class=\"elementor-element elementor-element-4330b935 elementor-widget-divider--view-line elementor-widget elementor-widget-divider\" data-id=\"4330b935\" data-element_type=\"widget\" data-widget_type=\"divider.default\">\n\t\t\t\t<div class=\"elementor-widget-container\">\n\t\t\t\t\t\t\t<div class=\"elementor-divider\">\n\t\t\t<span class=\"elementor-divider-separator\">\n\t\t\t\t\t\t<\/span>\n\t\t<\/div>\n\t\t\t\t\t\t<\/div>\n\t\t\t\t<\/div>\n\t\t\t\t<div class=\"elementor-element elementor-element-225da4bc elementor-widget elementor-widget-heading\" data-id=\"225da4bc\" data-element_type=\"widget\" data-widget_type=\"heading.default\">\n\t\t\t\t<div class=\"elementor-widget-container\">\n\t\t\t\t\t<h4 class=\"elementor-heading-title elementor-size-default\">Dich erwartet<\/h4>\t\t\t\t<\/div>\n\t\t\t\t<\/div>\n\t\t\t\t<div class=\"elementor-element elementor-element-111cb5a6 elementor-widget__width-initial elementor-widget-mobile__width-inherit elementor-widget elementor-widget-text-editor\" data-id=\"111cb5a6\" data-element_type=\"widget\" data-widget_type=\"text-editor.default\">\n\t\t\t\t<div class=\"elementor-widget-container\">\n\t\t\t\t\t\t\t\t\t<ul><li>ein unbefristeter Arbeitsvertrag<\/li><li>ein sehr interessantes und abwechslungsreiches Aufgabengebiet<\/li><li>ein erfahrenes und engagiertes Team in einer famili\u00e4ren Atmosph\u00e4re \u2013 das sich schon sehr\u00a0auf Dich freut!\u00a0<\/li><li>unsere Praxisorganisatorin, die die meisten b\u00fcrokratischen Aufgaben von Dir fern h\u00e4lt<\/li><li>Bezuschussung bzw. Kosten\u00fcbernahme von Fortbildungen<\/li><li>sehr gute Vereinbarkeit von Privat- und Berufsleben durch individuell und flexibel gestaltete\u00a0Arbeitszeiten<\/li><li>ein Praxis-Fahrrad f\u00fcr Hausbesuche in der n\u00e4heren Umgebung<\/li><li>eine betriebliche Altersvorsorge und Fahrradleasing mit BusinessBike<\/li><li>regelm\u00e4\u00dfig stattfindende Teamfortbildungen und interne Fallbesprechungen<\/li><li>ein an Deine Berufserfahrung angepasstes Gehalt<\/li><li>eine individuelle Einarbeitung<\/li><\/ul>\t\t\t\t\t\t\t\t<\/div>\n\t\t\t\t<\/div>\n\t\t\t\t<div class=\"elementor-element elementor-element-110eaa0d elementor-widget-divider--view-line elementor-widget elementor-widget-divider\" data-id=\"110eaa0d\" data-element_type=\"widget\" data-widget_type=\"divider.default\">\n\t\t\t\t<div class=\"elementor-widget-container\">\n\t\t\t\t\t\t\t<div class=\"elementor-divider\">\n\t\t\t<span class=\"elementor-divider-separator\">\n\t\t\t\t\t\t<\/span>\n\t\t<\/div>\n\t\t\t\t\t\t<\/div>\n\t\t\t\t<\/div>\n\t\t\t\t<div class=\"elementor-element elementor-element-503192b4 elementor-widget elementor-widget-heading\" data-id=\"503192b4\" data-element_type=\"widget\" data-widget_type=\"heading.default\">\n\t\t\t\t<div class=\"elementor-widget-container\">\n\t\t\t\t\t<h4 class=\"elementor-heading-title elementor-size-default\">Wir erwarten von Dir<\/h4>\t\t\t\t<\/div>\n\t\t\t\t<\/div>\n\t\t\t\t<div class=\"elementor-element elementor-element-915cdda elementor-widget__width-initial elementor-widget-mobile__width-inherit elementor-widget elementor-widget-text-editor\" data-id=\"915cdda\" data-element_type=\"widget\" data-widget_type=\"text-editor.default\">\n\t\t\t\t<div class=\"elementor-widget-container\">\n\t\t\t\t\t\t\t\t\t<ul><li>eine abgeschlossene Berufsausbildung<\/li><li>(wenn m\u00f6glich) eine mehrj\u00e4hrige Berufserfahrung und therapeutische Kenntnisse in den\u00a0oben genannten Bereichen<\/li><li>therapeutisches Geschick und ein freundliches und empathisches Auftreten<\/li><li>einen klientenzentrierten Umgang mit unseren Patienten<\/li><li>Teamf\u00e4higkeit, Zuverl\u00e4ssigkeit, Verantwortungsbewusstsein. Kommunikationsst\u00e4rke,\u00a0selbstst\u00e4ndiges Arbeiten sowie Leistungsbereitschaft und Freude an der Arbeit mit\u00a0Menschen<\/li><li>Bereitschaft zu FortbildungenF\u00fchrerschein Klasse B<\/li><\/ul>\t\t\t\t\t\t\t\t<\/div>\n\t\t\t\t<\/div>\n\t\t\t\t<div class=\"elementor-element elementor-element-76c4dfc0 elementor-widget-divider--view-line elementor-widget elementor-widget-divider\" data-id=\"76c4dfc0\" data-element_type=\"widget\" data-widget_type=\"divider.default\">\n\t\t\t\t<div class=\"elementor-widget-container\">\n\t\t\t\t\t\t\t<div class=\"elementor-divider\">\n\t\t\t<span class=\"elementor-divider-separator\">\n\t\t\t\t\t\t<\/span>\n\t\t<\/div>\n\t\t\t\t\t\t<\/div>\n\t\t\t\t<\/div>\n\t\t\t\t<div class=\"elementor-element elementor-element-6e52a285 elementor-widget elementor-widget-text-editor\" data-id=\"6e52a285\" data-element_type=\"widget\" data-widget_type=\"text-editor.default\">\n\t\t\t\t<div class=\"elementor-widget-container\">\n\t\t\t\t\t\t\t\t\t<p>Wenn wir Dein Interesse geweckt haben und Du Dir vorstellen kannst, bei und mit uns zu arbeiten,\u00a0<\/p><p>freuen wir uns sehr \u00fcber Deine Bewerbung an folgende Adresse:<\/p><p>Ergotherapie Praxis R\u00fc\u00dfe<\/p><p>Heidrun R\u00fc\u00dfe<\/p><p>Europaring 2<\/p><p>48 565 Steinfurt<\/p><p>oder per Mail an:\u00a0<a href=\"mailto:info@ergotherapie-ruesse.de\">info@ergotherapie-ruesse.de<\/a><\/p><p>\u00a0<\/p><p>Herzliche Gr\u00fc\u00dfe!<\/p><p>Heidrun R\u00fc\u00dfe und das Team der Ergotherapie Praxis R\u00fc\u00dfe<\/p>\t\t\t\t\t\t\t\t<\/div>\n\t\t\t\t<\/div>\n\t\t\t\t<div class=\"elementor-element elementor-element-2b51721b elementor-widget elementor-widget-spacer\" data-id=\"2b51721b\" data-element_type=\"widget\" data-widget_type=\"spacer.default\">\n\t\t\t\t<div class=\"elementor-widget-container\">\n\t\t\t\t\t\t\t<div class=\"elementor-spacer\">\n\t\t\t<div class=\"elementor-spacer-inner\"><\/div>\n\t\t<\/div>\n\t\t\t\t\t\t<\/div>\n\t\t\t\t<\/div>\n\t\t\t\t\t<\/div>\n\t\t\t\t<\/div>\n\t\t\t\t<\/div>\n\t\t","protected":false},"excerpt":{"rendered":"<p>Stellenausschreibung Wir suchen Dich! Zur Verst\u00e4rkung unseres Teams suchen wir zu sofort eine\u00a0Ergotherapeutin in Teilzeit\u00a0 (20 Stunden \/ Woche &#8211; [&hellip;]<\/p>\n","protected":false},"author":1,"featured_media":0,"parent":0,"menu_order":0,"comment_status":"closed","ping_status":"closed","template":"","meta":{"site-sidebar-layout":"no-sidebar","site-content-layout":"","ast-site-content-layout":"full-width-container","site-content-style":"default","site-sidebar-style":"default","ast-global-header-display":"","ast-banner-title-visibility":"","ast-main-header-display":"","ast-hfb-above-header-display":"","ast-hfb-below-header-display":"","ast-hfb-mobile-header-display":"","site-post-title":"disabled","ast-breadcrumbs-content":"","ast-featured-img":"disabled","footer-sml-layout":"","theme-transparent-header-meta":"","adv-header-id-meta":"","stick-header-meta":"","header-above-stick-meta":"","header-main-stick-meta":"","header-below-stick-meta":"","astra-migrate-meta-layouts":"default","ast-page-background-enabled":"default","ast-page-background-meta":{"desktop":{"background-color":"var(--ast-global-color-4)","background-image":"","background-repeat":"repeat","background-position":"center center","background-size":"auto","background-attachment":"scroll","background-type":"","background-media":"","overlay-type":"","overlay-color":"","overlay-opacity":"","overlay-gradient":""},"tablet":{"background-color":"","background-image":"","background-repeat":"repeat","background-position":"center center","background-size":"auto","background-attachment":"scroll","background-type":"","background-media":"","overlay-type":"","overlay-color":"","overlay-opacity":"","overlay-gradient":""},"mobile":{"background-color":"","background-image":"","background-repeat":"repeat","background-position":"center center","background-size":"auto","background-attachment":"scroll","background-type":"","background-media":"","overlay-type":"","overlay-color":"","overlay-opacity":"","overlay-gradient":""}},"ast-content-background-meta":{"desktop":{"background-color":"var(--ast-global-color-5)","background-image":"","background-repeat":"repeat","background-position":"center center","background-size":"auto","background-attachment":"scroll","background-type":"","background-media":"","overlay-type":"","overlay-color":"","overlay-opacity":"","overlay-gradient":""},"tablet":{"background-color":"var(--ast-global-color-5)","background-image":"","background-repeat":"repeat","background-position":"center center","background-size":"auto","background-attachment":"scroll","background-type":"","background-media":"","overlay-type":"","overlay-color":"","overlay-opacity":"","overlay-gradient":""},"mobile":{"background-color":"var(--ast-global-color-5)","background-image":"","background-repeat":"repeat","background-position":"center center","background-size":"auto","background-attachment":"scroll","background-type":"","background-media":"","overlay-type":"","overlay-color":"","overlay-opacity":"","overlay-gradient":""}},"footnotes":""},"class_list":["post-1023","page","type-page","status-publish","hentry"],"_links":{"self":[{"href":"https:\/\/fotostudio-xxelf.de\/index.php\/wp-json\/wp\/v2\/pages\/1023","targetHints":{"allow":["GET"]}}],"collection":[{"href":"https:\/\/fotostudio-xxelf.de\/index.php\/wp-json\/wp\/v2\/pages"}],"about":[{"href":"https:\/\/fotostudio-xxelf.de\/index.php\/wp-json\/wp\/v2\/types\/page"}],"author":[{"embeddable":true,"href":"https:\/\/fotostudio-xxelf.de\/index.php\/wp-json\/wp\/v2\/users\/1"}],"replies":[{"embeddable":true,"href":"https:\/\/fotostudio-xxelf.de\/index.php\/wp-json\/wp\/v2\/comments?post=1023"}],"version-history":[{"count":7,"href":"https:\/\/fotostudio-xxelf.de\/index.php\/wp-json\/wp\/v2\/pages\/1023\/revisions"}],"predecessor-version":[{"id":1447,"href":"https:\/\/fotostudio-xxelf.de\/index.php\/wp-json\/wp\/v2\/pages\/1023\/revisions\/1447"}],"wp:attachment":[{"href":"https:\/\/fotostudio-xxelf.de\/index.php\/wp-json\/wp\/v2\/media?parent=1023"}],"curies":[{"name":"wp","href":"https:\/\/api.w.org\/{rel}","templated":true}]}}